{"id":294,"date":"2025-05-20T16:47:31","date_gmt":"2025-05-20T16:47:31","guid":{"rendered":"https:\/\/jawad.sn\/?page_id=294"},"modified":"2025-06-26T15:01:16","modified_gmt":"2025-06-26T15:01:16","slug":"parcours-metiers-expertises-techniques","status":"publish","type":"page","link":"https:\/\/jawad.sn\/index.php\/parcours-metiers-expertises-techniques\/","title":{"rendered":"PARCOURS M\u00c9TIERS &amp; EXPERTISES TECHNIQUES"},"content":{"rendered":"\t\t<div data-elementor-type=\"wp-page\" data-elementor-id=\"294\" class=\"elementor elementor-294\" data-elementor-post-type=\"page\">\n\t\t\t\t<div class=\"elementor-element elementor-element-59b6010 e-flex e-con-boxed e-con e-parent\" data-id=\"59b6010\" data-element_type=\"container\">\n\t\t\t\t\t<div class=\"e-con-inner\">\n\t\t<div class=\"elementor-element elementor-element-eeab93f e-con-full e-flex e-con e-child\" data-id=\"eeab93f\" data-element_type=\"container\">\n\t\t\t\t<div class=\"elementor-element elementor-element-834d9a6 elementor-widget elementor-widget-heading\" data-id=\"834d9a6\" data-element_type=\"widget\" data-widget_type=\"heading.default\">\n\t\t\t\t<div class=\"elementor-widget-container\">\n\t\t\t\t\t<h2 class=\"elementor-heading-title elementor-size-default\"> PARCOURS M\u00c9TIERS &amp; EXPERTISES TECHNIQUES<\/h2>\t\t\t\t<\/div>\n\t\t\t\t<\/div>\n\t\t\t\t<\/div>\n\t\t\t\t\t<\/div>\n\t\t\t\t<\/div>\n\t\t<div class=\"elementor-element elementor-element-10a0cba e-flex e-con-boxed e-con e-parent\" data-id=\"10a0cba\" data-element_type=\"container\">\n\t\t\t\t\t<div class=\"e-con-inner\">\n\t\t\t\t<div class=\"elementor-element elementor-element-6780734 elementor-widget elementor-widget-text-editor\" data-id=\"6780734\" data-element_type=\"widget\" data-widget_type=\"text-editor.default\">\n\t\t\t\t<div class=\"elementor-widget-container\">\n\t\t\t\t\t\t\t\t\t<p><span style=\"color: #77c3af;\"><em><b>Objectif de la formation<\/b><\/em><\/span><\/p><p><span style=\"font-weight: 400;\">Acqu\u00e9rir ou renforcer des comp\u00e9tences techniques et op\u00e9rationnelles sp\u00e9cifiques \u00e0 des m\u00e9tiers cl\u00e9s afin de monter en expertise, s\u00e9curiser les pratiques professionnelles et favoriser l\u2019\u00e9volution ou la sp\u00e9cialisation dans un secteur d\u2019activit\u00e9 donn\u00e9 avec\u00a0 des\u00a0 parcours professionnalisants et structur\u00e9s.<\/span><\/p><p><span style=\"font-weight: 400;\">A l\u2019issue de la formation les participants seront capable de :\u00a0<\/span><\/p><ul><li style=\"font-weight: 400;\" aria-level=\"1\"><span style=\"font-weight: 400;\">Ma\u00eetriser les fondamentaux techniques du m\u00e9tier cibl\u00e9\u00a0<\/span><\/li><li style=\"font-weight: 400;\" aria-level=\"1\"><span style=\"font-weight: 400;\">D\u00e9velopper une expertise op\u00e9rationnelle reconnue<\/span><\/li><li style=\"font-weight: 400;\" aria-level=\"1\"><span style=\"font-weight: 400;\">S\u00e9curiser les gestes et les pratiques professionnelles<\/span><\/li><li style=\"font-weight: 400;\" aria-level=\"1\"><span style=\"font-weight: 400;\">Accompagner une mont\u00e9e en responsabilit\u00e9 ou en sp\u00e9cialisation<\/span><\/li><li style=\"font-weight: 400;\" aria-level=\"1\"><span style=\"font-weight: 400;\">Favoriser l\u2019employabilit\u00e9 et l\u2019adaptation aux \u00e9volutions du m\u00e9tier<\/span><\/li><\/ul>\t\t\t\t\t\t\t\t<\/div>\n\t\t\t\t<\/div>\n\t\t\t\t<div class=\"elementor-element elementor-element-95bfab2 elementor-widget elementor-widget-text-editor\" data-id=\"95bfab2\" data-element_type=\"widget\" data-widget_type=\"text-editor.default\">\n\t\t\t\t<div class=\"elementor-widget-container\">\n\t\t\t\t\t\t\t\t\t<p><span style=\"color: #77c3af;\"><em><b>Public cible<\/b><span style=\"font-weight: 400;\">\u00a0<\/span><\/em><\/span><\/p><ul><li style=\"font-weight: 400;\" aria-level=\"1\"><span style=\"font-weight: 400;\">\u00a0Collaborateurs en \u00e9volution de carri\u00e8re ou en sp\u00e9cialisation<\/span><\/li><li style=\"font-weight: 400;\" aria-level=\"1\"><span style=\"font-weight: 400;\">Cadres et managers\u00a0<\/span><\/li><li style=\"font-weight: 400;\" aria-level=\"1\"><span style=\"font-weight: 400;\">Futurs managers ou chefs d&rsquo;\u00e9quipe<\/span><\/li><li style=\"font-weight: 400;\" aria-level=\"1\"><span style=\"font-weight: 400;\">Dirigeants de PME ou entrepreneurs<\/span><\/li><li style=\"font-weight: 400;\" aria-level=\"1\"><span style=\"font-weight: 400;\">Professionnels en reconversion<\/span><\/li><li style=\"font-weight: 400;\" aria-level=\"1\"><span style=\"font-weight: 400;\">\u00c9tudiants en fin de cursus<\/span><\/li><\/ul>\t\t\t\t\t\t\t\t<\/div>\n\t\t\t\t<\/div>\n\t\t\t\t\t<\/div>\n\t\t\t\t<\/div>\n\t\t<div class=\"elementor-element elementor-element-7761791 e-flex e-con-boxed e-con e-parent\" data-id=\"7761791\" data-element_type=\"container\">\n\t\t\t\t\t<div class=\"e-con-inner\">\n\t\t<div class=\"elementor-element elementor-element-0611c0e e-con-full e-flex e-con e-child\" data-id=\"0611c0e\" data-element_type=\"container\">\n\t\t<div class=\"elementor-element elementor-element-09da348 e-con-full e-flex e-con e-child\" data-id=\"09da348\" data-element_type=\"container\">\n\t\t<div class=\"elementor-element elementor-element-6557c4d e-con-full e-flex e-con e-child\" data-id=\"6557c4d\" data-element_type=\"container\">\n\t\t<div class=\"elementor-element elementor-element-6c09300 e-con-full e-flex e-con e-child\" data-id=\"6c09300\" data-element_type=\"container\">\n\t\t\t\t<div class=\"elementor-element elementor-element-9fb24f2 elementor-widget elementor-widget-text-editor\" data-id=\"9fb24f2\" data-element_type=\"widget\" data-widget_type=\"text-editor.default\">\n\t\t\t\t<div class=\"elementor-widget-container\">\n\t\t\t\t\t\t\t\t\t<h4 style=\"text-align: center;\"><span style=\"color: #77c3af;\"><strong><b><span style=\"text-decoration: underline;\">Parcours DAF\u00a0 <\/span>(De la ma\u00eetrise comptable au pilotage strat\u00e9gique)<\/b><\/strong><\/span><\/h4><ul><li><span style=\"font-weight: 400;\">Module 1 : Ma\u00eetriser les fondamentaux comptables et financiers<\/span><\/li><li><span style=\"font-weight: 400;\">Module 2 : Contr\u00f4le de gestion et pilotage de la performance<\/span><\/li><li><span style=\"font-weight: 400;\">Module 3 : Tr\u00e9sorerie, financement et gestion des risques<\/span><\/li><li><span style=\"font-weight: 400;\">DAF, bras droit strat\u00e9gique du dirigeant<\/span><\/li><\/ul>\t\t\t\t\t\t\t\t<\/div>\n\t\t\t\t<\/div>\n\t\t\t\t<\/div>\n\t\t<div class=\"elementor-element elementor-element-1fd3b3d e-con-full e-flex e-con e-child\" data-id=\"1fd3b3d\" data-element_type=\"container\">\n\t\t\t\t<div class=\"elementor-element elementor-element-b950b07 elementor-widget elementor-widget-text-editor\" data-id=\"b950b07\" data-element_type=\"widget\" data-widget_type=\"text-editor.default\">\n\t\t\t\t<div class=\"elementor-widget-container\">\n\t\t\t\t\t\t\t\t\t<h4 style=\"text-align: center;\"><span style=\"color: #77c3af;\"><strong><b><span style=\"text-decoration: underline;\">Parcours Responsable RH <\/span>(Recrutement, droit social, strat\u00e9gie RH)<\/b><\/strong><\/span><\/h4><ul><li><span style=\"font-weight: 400;\">Module 1 : Recrutement et int\u00e9gration<\/span><\/li><li><span style=\"font-weight: 400;\">Module 2 : Droit social et gestion du personnel<\/span><\/li><li><span style=\"font-weight: 400;\">Module 3 : D\u00e9veloppement des comp\u00e9tences et formation<\/span><\/li><li><span style=\"font-weight: 400;\">Module 4 : Strat\u00e9gie RH et r\u00f4le du RRH<\/span><\/li><\/ul>\t\t\t\t\t\t\t\t<\/div>\n\t\t\t\t<\/div>\n\t\t\t\t<\/div>\n\t\t<div class=\"elementor-element elementor-element-b5f20e2 e-con-full e-flex e-con e-child\" data-id=\"b5f20e2\" data-element_type=\"container\">\n\t\t\t\t<div class=\"elementor-element elementor-element-c76c619 elementor-widget elementor-widget-text-editor\" data-id=\"c76c619\" data-element_type=\"widget\" data-widget_type=\"text-editor.default\">\n\t\t\t\t<div class=\"elementor-widget-container\">\n\t\t\t\t\t\t\t\t\t<h4 style=\"text-align: center;\"><span style=\"color: #77c3af;\"><strong><b><span style=\"text-decoration: underline;\">Parcours Juriste d\u2019entreprise <\/span>(Contrats, conformit\u00e9, droit des affaires)<\/b><\/strong><\/span><\/h4><ul><li><span style=\"font-weight: 400;\">Module 1 : Droit des affaires pour non-juristes et juristes op\u00e9rationnels<\/span><\/li><li><span style=\"font-weight: 400;\">Module 2 : Contrats commerciaux et r\u00e9daction juridique<\/span><\/li><li><span style=\"font-weight: 400;\">Module 3 : Conformit\u00e9 et gestion des risques juridiques<\/span><\/li><li><span style=\"font-weight: 400;\">Module 4 : Le r\u00f4le strat\u00e9gique du juriste d\u2019entreprise<\/span><\/li><\/ul>\t\t\t\t\t\t\t\t<\/div>\n\t\t\t\t<\/div>\n\t\t\t\t<\/div>\n\t\t<div class=\"elementor-element elementor-element-53862e4 e-con-full e-flex e-con e-child\" data-id=\"53862e4\" data-element_type=\"container\">\n\t\t\t\t<div class=\"elementor-element elementor-element-ba6d4c5 elementor-widget elementor-widget-text-editor\" data-id=\"ba6d4c5\" data-element_type=\"widget\" data-widget_type=\"text-editor.default\">\n\t\t\t\t<div class=\"elementor-widget-container\">\n\t\t\t\t\t\t\t\t\t<h4 style=\"text-align: center;\"><span style=\"color: #77c3af;\"><strong><b><span style=\"text-decoration: underline;\">Parcours Community Manager (Strat\u00e9gie de contenu, outils digitaux, animation de communaut\u00e9)\u00a0<\/span><\/b><\/strong><\/span><\/h4><ul><li><span style=\"font-weight: 400;\">Module 1 :\u00a0 Comprendre les missions du Community Manager<\/span><\/li><li><span style=\"font-weight: 400;\">Module 2 : \u00c9laborer une strat\u00e9gie de contenu efficace<\/span><\/li><li><span style=\"font-weight: 400;\">Module 3 : Utiliser les outils digitaux du CM<\/span><\/li><li><span style=\"font-weight: 400;\">Module 4 : Animer et engager sa communaut\u00e9<\/span><\/li><li><span style=\"font-weight: 400;\">Module 5 : Mesurer et ajuster ses actions<\/span><\/li><\/ul>\t\t\t\t\t\t\t\t<\/div>\n\t\t\t\t<\/div>\n\t\t\t\t<\/div>\n\t\t<div class=\"elementor-element elementor-element-79993f2 e-con-full e-flex e-con e-child\" data-id=\"79993f2\" data-element_type=\"container\">\n\t\t\t\t<div class=\"elementor-element elementor-element-4b45b31 elementor-widget elementor-widget-text-editor\" data-id=\"4b45b31\" data-element_type=\"widget\" data-widget_type=\"text-editor.default\">\n\t\t\t\t<div class=\"elementor-widget-container\">\n\t\t\t\t\t\t\t\t\t<h4 style=\"text-align: center;\"><span style=\"color: #77c3af;\"><strong><b><span style=\"text-decoration: underline;\">Parcours Contr\u00f4leur de gestion (Analyse de la performance, construction budg\u00e9taire)\u00a0<\/span><\/b><\/strong><\/span><\/h4><ul><li><span style=\"font-weight: 400;\">Module 1 : R\u00f4le et missions du contr\u00f4leur de gestion<\/span><\/li><li><span style=\"font-weight: 400;\">Module 2 : Analyse de la performance financi\u00e8re<\/span><\/li><li><span style=\"font-weight: 400;\">Module 3 : Construction budg\u00e9taire<\/span><\/li><li><span style=\"font-weight: 400;\">Module 4 : Outils du contr\u00f4le de gestion<\/span><\/li><li><span style=\"font-weight: 400;\">Module 5 : Accompagner la prise de d\u00e9cision<\/span><\/li><\/ul>\t\t\t\t\t\t\t\t<\/div>\n\t\t\t\t<\/div>\n\t\t\t\t<\/div>\n\t\t<div class=\"elementor-element elementor-element-30c9f80 e-con-full e-flex e-con e-child\" data-id=\"30c9f80\" data-element_type=\"container\">\n\t\t\t\t<div class=\"elementor-element elementor-element-1c97f2c elementor-widget elementor-widget-text-editor\" data-id=\"1c97f2c\" data-element_type=\"widget\" data-widget_type=\"text-editor.default\">\n\t\t\t\t<div class=\"elementor-widget-container\">\n\t\t\t\t\t\t\t\t\t<h4 style=\"text-align: center;\"><span style=\"color: #77c3af;\"><strong><b><span style=\"text-decoration: underline;\">Parcours Assistant(e) de direction (Organisation, r\u00e9daction, communication efficace)\u00a0<\/span><\/b><\/strong><\/span><\/h4><ul><li><span style=\"font-weight: 400;\">Module 1 : Organisation et gestion des priorit\u00e9s<\/span><\/li><li><span style=\"font-weight: 400;\">Module 2 : R\u00e9daction professionnelle efficace<\/span><\/li><li><span style=\"font-weight: 400;\">Module 3 : Communication et posture professionnelle<\/span><\/li><li><span style=\"font-weight: 400;\">Module 4 : Utilisation des outils num\u00e9riques<\/span><\/li><\/ul>\t\t\t\t\t\t\t\t<\/div>\n\t\t\t\t<\/div>\n\t\t\t\t<\/div>\n\t\t\t\t<\/div>\n\t\t\t\t<\/div>\n\t\t\t\t<\/div>\n\t\t\t\t\t<\/div>\n\t\t\t\t<\/div>\n\t\t\t\t<\/div>\n\t\t","protected":false},"excerpt":{"rendered":"<p>PARCOURS M\u00c9TIERS &amp; EXPERTISES TECHNIQUES Objectif de la formation Acqu\u00e9rir ou renforcer des comp\u00e9tences techniques et op\u00e9rationnelles sp\u00e9cifiques \u00e0 des m\u00e9tiers cl\u00e9s afin de monter en expertise, s\u00e9curiser les pratiques professionnelles et favoriser l\u2019\u00e9volution ou la sp\u00e9cialisation dans un secteur d\u2019activit\u00e9 donn\u00e9 avec\u00a0 des\u00a0 parcours professionnalisants et structur\u00e9s. A l\u2019issue de la formation les participants [&hellip;]<\/p>\n","protected":false},"author":2,"featured_media":0,"parent":0,"menu_order":0,"comment_status":"closed","ping_status":"closed","template":"","meta":{"ocean_post_layout":"","ocean_both_sidebars_style":"","ocean_both_sidebars_content_width":0,"ocean_both_sidebars_sidebars_width":0,"ocean_sidebar":"","ocean_second_sidebar":"","ocean_disable_margins":"enable","ocean_add_body_class":"","ocean_shortcode_before_top_bar":"","ocean_shortcode_after_top_bar":"","ocean_shortcode_before_header":"","ocean_shortcode_after_header":"","ocean_has_shortcode":"","ocean_shortcode_after_title":"","ocean_shortcode_before_footer_widgets":"","ocean_shortcode_after_footer_widgets":"","ocean_shortcode_before_footer_bottom":"","ocean_shortcode_after_footer_bottom":"","ocean_display_top_bar":"default","ocean_display_header":"default","ocean_header_style":"","ocean_center_header_left_menu":"","ocean_custom_header_template":"","ocean_custom_logo":0,"ocean_custom_retina_logo":0,"ocean_custom_logo_max_width":0,"ocean_custom_logo_tablet_max_width":0,"ocean_custom_logo_mobile_max_width":0,"ocean_custom_logo_max_height":0,"ocean_custom_logo_tablet_max_height":0,"ocean_custom_logo_mobile_max_height":0,"ocean_header_custom_menu":"","ocean_menu_typo_font_family":"","ocean_menu_typo_font_subset":"","ocean_menu_typo_font_size":0,"ocean_menu_typo_font_size_tablet":0,"ocean_menu_typo_font_size_mobile":0,"ocean_menu_typo_font_size_unit":"px","ocean_menu_typo_font_weight":"","ocean_menu_typo_font_weight_tablet":"","ocean_menu_typo_font_weight_mobile":"","ocean_menu_typo_transform":"","ocean_menu_typo_transform_tablet":"","ocean_menu_typo_transform_mobile":"","ocean_menu_typo_line_height":0,"ocean_menu_typo_line_height_tablet":0,"ocean_menu_typo_line_height_mobile":0,"ocean_menu_typo_line_height_unit":"","ocean_menu_typo_spacing":0,"ocean_menu_typo_spacing_tablet":0,"ocean_menu_typo_spacing_mobile":0,"ocean_menu_typo_spacing_unit":"","ocean_menu_link_color":"","ocean_menu_link_color_hover":"","ocean_menu_link_color_active":"","ocean_menu_link_background":"","ocean_menu_link_hover_background":"","ocean_menu_link_active_background":"","ocean_menu_social_links_bg":"","ocean_menu_social_hover_links_bg":"","ocean_menu_social_links_color":"","ocean_menu_social_hover_links_color":"","ocean_disable_title":"default","ocean_disable_heading":"default","ocean_post_title":"","ocean_post_subheading":"","ocean_post_title_style":"","ocean_post_title_background_color":"","ocean_post_title_background":0,"ocean_post_title_bg_image_position":"","ocean_post_title_bg_image_attachment":"","ocean_post_title_bg_image_repeat":"","ocean_post_title_bg_image_size":"","ocean_post_title_height":0,"ocean_post_title_bg_overlay":0.5,"ocean_post_title_bg_overlay_color":"","ocean_disable_breadcrumbs":"default","ocean_breadcrumbs_color":"","ocean_breadcrumbs_separator_color":"","ocean_breadcrumbs_links_color":"","ocean_breadcrumbs_links_hover_color":"","ocean_display_footer_widgets":"default","ocean_display_footer_bottom":"default","ocean_custom_footer_template":"","footnotes":""},"class_list":["post-294","page","type-page","status-publish","hentry","entry"],"yoast_head":"<!-- This site is optimized with the Yoast SEO plugin v25.3.1 - https:\/\/yoast.com\/wordpress\/plugins\/seo\/ -->\n<title>Des parcours m\u00e9tiers con\u00e7us pour b\u00e2tir votre expertise<\/title>\n<meta name=\"description\" content=\"nous accompagnons les professionnels et les futurs talents \u00e0 travers des formations techniques et m\u00e9tiers adapt\u00e9es aux r\u00e9alit\u00e9s du terrain. \ud83c\udfaf D\u00e9veloppez des comp\u00e9tences solides dans des domaines cl\u00e9s : \u2022 Gestion de projet \u2022 Finance et comptabilit\u00e9 \u2022 Marketing digital \u2022 RH et administration \u2022 Bureautique et outils num\u00e9riques, etc. Chaque parcours allie th\u00e9orie, cas pratiques et retours d\u2019exp\u00e9rience pour une mont\u00e9e en comp\u00e9tences efficace et durable. Prenez en main votre avenir professionnel avec des formations concr\u00e8tes, certifiantes et directement\u00a0applicables.\" \/>\n<meta name=\"robots\" content=\"index, follow, max-snippet:-1, max-image-preview:large, max-video-preview:-1\" \/>\n<link rel=\"canonical\" href=\"https:\/\/jawad.sn\/index.php\/parcours-metiers-expertises-techniques\/\" \/>\n<meta property=\"og:locale\" content=\"fr_FR\" \/>\n<meta property=\"og:type\" content=\"article\" \/>\n<meta property=\"og:title\" content=\"Des parcours m\u00e9tiers con\u00e7us pour b\u00e2tir votre expertise\" \/>\n<meta property=\"og:description\" content=\"nous accompagnons les professionnels et les futurs talents \u00e0 travers des formations techniques et m\u00e9tiers adapt\u00e9es aux r\u00e9alit\u00e9s du terrain. \ud83c\udfaf D\u00e9veloppez des comp\u00e9tences solides dans des domaines cl\u00e9s : \u2022 Gestion de projet \u2022 Finance et comptabilit\u00e9 \u2022 Marketing digital \u2022 RH et administration \u2022 Bureautique et outils num\u00e9riques, etc. Chaque parcours allie th\u00e9orie, cas pratiques et retours d\u2019exp\u00e9rience pour une mont\u00e9e en comp\u00e9tences efficace et durable. Prenez en main votre avenir professionnel avec des formations concr\u00e8tes, certifiantes et directement\u00a0applicables.\" \/>\n<meta property=\"og:url\" content=\"https:\/\/jawad.sn\/index.php\/parcours-metiers-expertises-techniques\/\" \/>\n<meta property=\"og:site_name\" content=\"jawad\" \/>\n<meta property=\"article:modified_time\" content=\"2025-06-26T15:01:16+00:00\" \/>\n<meta name=\"twitter:card\" content=\"summary_large_image\" \/>\n<meta name=\"twitter:label1\" content=\"Dur\u00e9e de lecture estim\u00e9e\" \/>\n\t<meta name=\"twitter:data1\" content=\"2 minutes\" \/>\n<script type=\"application\/ld+json\" class=\"yoast-schema-graph\">{\"@context\":\"https:\/\/schema.org\",\"@graph\":[{\"@type\":\"WebPage\",\"@id\":\"https:\/\/jawad.sn\/index.php\/parcours-metiers-expertises-techniques\/\",\"url\":\"https:\/\/jawad.sn\/index.php\/parcours-metiers-expertises-techniques\/\",\"name\":\"Des parcours m\u00e9tiers con\u00e7us pour b\u00e2tir votre expertise\",\"isPartOf\":{\"@id\":\"https:\/\/jawad.sn\/#website\"},\"datePublished\":\"2025-05-20T16:47:31+00:00\",\"dateModified\":\"2025-06-26T15:01:16+00:00\",\"description\":\"nous accompagnons les professionnels et les futurs talents \u00e0 travers des formations techniques et m\u00e9tiers adapt\u00e9es aux r\u00e9alit\u00e9s du terrain. \ud83c\udfaf D\u00e9veloppez des comp\u00e9tences solides dans des domaines cl\u00e9s : \u2022 Gestion de projet \u2022 Finance et comptabilit\u00e9 \u2022 Marketing digital \u2022 RH et administration \u2022 Bureautique et outils num\u00e9riques, etc. Chaque parcours allie th\u00e9orie, cas pratiques et retours d\u2019exp\u00e9rience pour une mont\u00e9e en comp\u00e9tences efficace et durable. Prenez en main votre avenir professionnel avec des formations concr\u00e8tes, certifiantes et directement\u00a0applicables.\",\"breadcrumb\":{\"@id\":\"https:\/\/jawad.sn\/index.php\/parcours-metiers-expertises-techniques\/#breadcrumb\"},\"inLanguage\":\"fr-FR\",\"potentialAction\":[{\"@type\":\"ReadAction\",\"target\":[\"https:\/\/jawad.sn\/index.php\/parcours-metiers-expertises-techniques\/\"]}]},{\"@type\":\"BreadcrumbList\",\"@id\":\"https:\/\/jawad.sn\/index.php\/parcours-metiers-expertises-techniques\/#breadcrumb\",\"itemListElement\":[{\"@type\":\"ListItem\",\"position\":1,\"name\":\"Accueil\",\"item\":\"https:\/\/jawad.sn\/\"},{\"@type\":\"ListItem\",\"position\":2,\"name\":\"PARCOURS M\u00c9TIERS &amp; EXPERTISES TECHNIQUES\"}]},{\"@type\":\"WebSite\",\"@id\":\"https:\/\/jawad.sn\/#website\",\"url\":\"https:\/\/jawad.sn\/\",\"name\":\"jawad\",\"description\":\"Chaque comp\u00e9tence compte, chaque parcours m\u00e9rite l\u2019essor\",\"publisher\":{\"@id\":\"https:\/\/jawad.sn\/#organization\"},\"potentialAction\":[{\"@type\":\"SearchAction\",\"target\":{\"@type\":\"EntryPoint\",\"urlTemplate\":\"https:\/\/jawad.sn\/?s={search_term_string}\"},\"query-input\":{\"@type\":\"PropertyValueSpecification\",\"valueRequired\":true,\"valueName\":\"search_term_string\"}}],\"inLanguage\":\"fr-FR\"},{\"@type\":\"Organization\",\"@id\":\"https:\/\/jawad.sn\/#organization\",\"name\":\"jawad\",\"url\":\"https:\/\/jawad.sn\/\",\"logo\":{\"@type\":\"ImageObject\",\"inLanguage\":\"fr-FR\",\"@id\":\"https:\/\/jawad.sn\/#\/schema\/logo\/image\/\",\"url\":\"https:\/\/jawad.sn\/wp-content\/uploads\/2025\/05\/photo_2025-05-22_12-44-57-removebg-preview.png\",\"contentUrl\":\"https:\/\/jawad.sn\/wp-content\/uploads\/2025\/05\/photo_2025-05-22_12-44-57-removebg-preview.png\",\"width\":666,\"height\":375,\"caption\":\"jawad\"},\"image\":{\"@id\":\"https:\/\/jawad.sn\/#\/schema\/logo\/image\/\"}}]}<\/script>\n<!-- \/ Yoast SEO plugin. -->","yoast_head_json":{"title":"Des parcours m\u00e9tiers con\u00e7us pour b\u00e2tir votre expertise","description":"nous accompagnons les professionnels et les futurs talents \u00e0 travers des formations techniques et m\u00e9tiers adapt\u00e9es aux r\u00e9alit\u00e9s du terrain. \ud83c\udfaf D\u00e9veloppez des comp\u00e9tences solides dans des domaines cl\u00e9s : \u2022 Gestion de projet \u2022 Finance et comptabilit\u00e9 \u2022 Marketing digital \u2022 RH et administration \u2022 Bureautique et outils num\u00e9riques, etc. Chaque parcours allie th\u00e9orie, cas pratiques et retours d\u2019exp\u00e9rience pour une mont\u00e9e en comp\u00e9tences efficace et durable. Prenez en main votre avenir professionnel avec des formations concr\u00e8tes, certifiantes et directement\u00a0applicables.","robots":{"index":"index","follow":"follow","max-snippet":"max-snippet:-1","max-image-preview":"max-image-preview:large","max-video-preview":"max-video-preview:-1"},"canonical":"https:\/\/jawad.sn\/index.php\/parcours-metiers-expertises-techniques\/","og_locale":"fr_FR","og_type":"article","og_title":"Des parcours m\u00e9tiers con\u00e7us pour b\u00e2tir votre expertise","og_description":"nous accompagnons les professionnels et les futurs talents \u00e0 travers des formations techniques et m\u00e9tiers adapt\u00e9es aux r\u00e9alit\u00e9s du terrain. \ud83c\udfaf D\u00e9veloppez des comp\u00e9tences solides dans des domaines cl\u00e9s : \u2022 Gestion de projet \u2022 Finance et comptabilit\u00e9 \u2022 Marketing digital \u2022 RH et administration \u2022 Bureautique et outils num\u00e9riques, etc. Chaque parcours allie th\u00e9orie, cas pratiques et retours d\u2019exp\u00e9rience pour une mont\u00e9e en comp\u00e9tences efficace et durable. Prenez en main votre avenir professionnel avec des formations concr\u00e8tes, certifiantes et directement\u00a0applicables.","og_url":"https:\/\/jawad.sn\/index.php\/parcours-metiers-expertises-techniques\/","og_site_name":"jawad","article_modified_time":"2025-06-26T15:01:16+00:00","twitter_card":"summary_large_image","twitter_misc":{"Dur\u00e9e de lecture estim\u00e9e":"2 minutes"},"schema":{"@context":"https:\/\/schema.org","@graph":[{"@type":"WebPage","@id":"https:\/\/jawad.sn\/index.php\/parcours-metiers-expertises-techniques\/","url":"https:\/\/jawad.sn\/index.php\/parcours-metiers-expertises-techniques\/","name":"Des parcours m\u00e9tiers con\u00e7us pour b\u00e2tir votre expertise","isPartOf":{"@id":"https:\/\/jawad.sn\/#website"},"datePublished":"2025-05-20T16:47:31+00:00","dateModified":"2025-06-26T15:01:16+00:00","description":"nous accompagnons les professionnels et les futurs talents \u00e0 travers des formations techniques et m\u00e9tiers adapt\u00e9es aux r\u00e9alit\u00e9s du terrain. \ud83c\udfaf D\u00e9veloppez des comp\u00e9tences solides dans des domaines cl\u00e9s : \u2022 Gestion de projet \u2022 Finance et comptabilit\u00e9 \u2022 Marketing digital \u2022 RH et administration \u2022 Bureautique et outils num\u00e9riques, etc. Chaque parcours allie th\u00e9orie, cas pratiques et retours d\u2019exp\u00e9rience pour une mont\u00e9e en comp\u00e9tences efficace et durable. Prenez en main votre avenir professionnel avec des formations concr\u00e8tes, certifiantes et directement\u00a0applicables.","breadcrumb":{"@id":"https:\/\/jawad.sn\/index.php\/parcours-metiers-expertises-techniques\/#breadcrumb"},"inLanguage":"fr-FR","potentialAction":[{"@type":"ReadAction","target":["https:\/\/jawad.sn\/index.php\/parcours-metiers-expertises-techniques\/"]}]},{"@type":"BreadcrumbList","@id":"https:\/\/jawad.sn\/index.php\/parcours-metiers-expertises-techniques\/#breadcrumb","itemListElement":[{"@type":"ListItem","position":1,"name":"Accueil","item":"https:\/\/jawad.sn\/"},{"@type":"ListItem","position":2,"name":"PARCOURS M\u00c9TIERS &amp; EXPERTISES TECHNIQUES"}]},{"@type":"WebSite","@id":"https:\/\/jawad.sn\/#website","url":"https:\/\/jawad.sn\/","name":"jawad","description":"Chaque comp\u00e9tence compte, chaque parcours m\u00e9rite l\u2019essor","publisher":{"@id":"https:\/\/jawad.sn\/#organization"},"potentialAction":[{"@type":"SearchAction","target":{"@type":"EntryPoint","urlTemplate":"https:\/\/jawad.sn\/?s={search_term_string}"},"query-input":{"@type":"PropertyValueSpecification","valueRequired":true,"valueName":"search_term_string"}}],"inLanguage":"fr-FR"},{"@type":"Organization","@id":"https:\/\/jawad.sn\/#organization","name":"jawad","url":"https:\/\/jawad.sn\/","logo":{"@type":"ImageObject","inLanguage":"fr-FR","@id":"https:\/\/jawad.sn\/#\/schema\/logo\/image\/","url":"https:\/\/jawad.sn\/wp-content\/uploads\/2025\/05\/photo_2025-05-22_12-44-57-removebg-preview.png","contentUrl":"https:\/\/jawad.sn\/wp-content\/uploads\/2025\/05\/photo_2025-05-22_12-44-57-removebg-preview.png","width":666,"height":375,"caption":"jawad"},"image":{"@id":"https:\/\/jawad.sn\/#\/schema\/logo\/image\/"}}]}},"_links":{"self":[{"href":"https:\/\/jawad.sn\/index.php\/wp-json\/wp\/v2\/pages\/294","targetHints":{"allow":["GET"]}}],"collection":[{"href":"https:\/\/jawad.sn\/index.php\/wp-json\/wp\/v2\/pages"}],"about":[{"href":"https:\/\/jawad.sn\/index.php\/wp-json\/wp\/v2\/types\/page"}],"author":[{"embeddable":true,"href":"https:\/\/jawad.sn\/index.php\/wp-json\/wp\/v2\/users\/2"}],"replies":[{"embeddable":true,"href":"https:\/\/jawad.sn\/index.php\/wp-json\/wp\/v2\/comments?post=294"}],"version-history":[{"count":19,"href":"https:\/\/jawad.sn\/index.php\/wp-json\/wp\/v2\/pages\/294\/revisions"}],"predecessor-version":[{"id":836,"href":"https:\/\/jawad.sn\/index.php\/wp-json\/wp\/v2\/pages\/294\/revisions\/836"}],"wp:attachment":[{"href":"https:\/\/jawad.sn\/index.php\/wp-json\/wp\/v2\/media?parent=294"}],"curies":[{"name":"wp","href":"https:\/\/api.w.org\/{rel}","templated":true}]}}